e h(m).
1
Let h(r) be the second derivative of r**4/12 - 2*r**3 + 9*r**2/2 + 54*r. Determine h(12).
9
Let m(o) = -o**2 - o + 1. Suppose 0 = c - 7 + 12. Let s be (-6 - c)/((-2)/(-4)). Give m(s).
-1
Let g(o) = o - 7. Let k(y) = 3*y + 14. Let t be k(-6). Let v = -3 + 3. Let d be (-2 - 6/t)*v. What is g(d)?
-7
Suppose -12 = z - 3*n, 15*n + 4 = 4*z + 16*n. Let b(a) = -a**2 + a - 34. What is b(z)?
-34
Let t be (-15)/((14/4 - 4)/1). Suppose t*b = 33*b - 9. Let y(m) = 2*m + 3. Determine y(b).
9
Let p(s) = s**3 + 10*s**2 + 9*s + 3. Let n be p(-9). Suppose 0 = y + 2*y + 2*h + 17, 3*y + 18 = -n*h. Let t(c) = -c**2 - 4*c + 7. Calculate t(y).
2
Suppose -5*w - 3 - 12 = 0, -3*w = 3*b + 6. Let k be b + 1 + 0/(-24). Suppose s + 6 = k*s. Let d(x) = -x**3 + 5*x**2 + 3*x + 8. Calculate d(s).
-10
Let v(m) = -31. Let l(q) = -q + 48. Let d(a) = 5*l(a) + 8*v(a). Determine d(-7).
27
Let f(c) = -c + 20. Suppose -23*j = -161 - 115. Give f(j).
8
Suppose -5*d + 30 = 4*b + 5, b = -3*d + 8. Suppose j + 5*a - d = 3*j, 0 = 2*j - 2*a + 4. Let n(h) = 2*h**2 + 3*h - 3. Give n(j).
6
Let m(c) = -c**3 - 11*c**2 - 18*c + 31. Let t(a) = -2*a**3 - 10*a**2 - 19*a + 33. Let f(i) = -3*m(i) + 2*t(i). Determine f(14).
1
Let u(c) = -c**3 - 7*c**2 - 6*c + 5. Suppose 4*t + k = -0*k - 22, 28 = -3*t + 5*k. Calculate u(t).
5
Let w(s) = 8*s**3 - 50*s**2 + 13*s - 6. Let f be w(6). Let v(r) = 5*r - 4. What is v(f)?
-4
Suppose m + 4 = 14. Suppose 5*o - 4*o + 4*k = 10, -5*k + m = 0. Let n(u) = -3*u**2 + 3*u. Give n(o).
-6
Let f(g) = -g - 8. Let r(w) = -w**2 - 11*w - 6. Let p be r(-12). Let a = 24 + p. Suppose 0*j + a*j + 42 = 0. Calculate f(j).
-1
Let j(s) = -5*s + 120. Let z be j(23). Let u(v) = v**3 - 4*v**2 - 6*v - 1. What is u(z)?
-6
Suppose 5*o = -4*f - 7, 2*f - o + 5 = 6*f. Let v(q) = 7*q + 4*q**2 + 2 - 5*q**2 - 7*q**f + 10*q**2. What is v(-5)?
17
Suppose -138*x + 141*x = 60. Let s(t) = 7*t**2 + 8*t**2 + t**3 + 2 - x*t**2. Give s(5).
2
Let m(x) be the first derivative of 0*x**3 + 5*x - 3 - 1/4*x**4 + 0*x**2. Let h(w) be the first derivative of m(w). What is h(-1)?
-3
Let o = 13 - 2. Let u(t) = 2*t**3 + 5*t**2 - 5*t - 13. Let p(w) = w**3 + 2*w**2 - 2*w - 7. Let f(d) = o*p(d) - 6*u(d). Give f(-9).
10
Let h = -14 - -18. Let w(a) = 2*a**2 - 9*a - 1. Let f(r) = 3*r**2 - 9*r - 2. Let q(x) = h*w(x) - 3*f(x). Give q(-9).
2
Let a(h) = 10*h + 4. Let p = 248 + -251. Give a(p).
-26
Let i(m) = -3*m**2 - 1. Let k(f) = 2*f + 16. Let j be k(-8). Suppose 8*x + 4 + 12 = j. What is i(x)?
-13
Let t(w) = w + 0*w**3 + w**2 - 2*w**2 - 7*w**3 + 2*w**2 - 1. Let q(b) = -b**2 - 2*b + 4. Let j be q(-3). Let c = j - 0. Give t(c).
-6
Let w(s) = -7*s - 42. Let o be w(-6). Let j(f) be the first derivative of -3 + 1/3*f**3 + o*f + 0*f**2. Calculate j(2).
4
Let o(f) be the first derivative of -3*f**3 + f**2 - f + 96. What is o(2)?
-33
Let m(i) = -1 + i + 1. Let s be (22/(-55) - 12/20)/1. Give m(s).
-1
Let k(o) = -3*o - 5. Let t(n) = -2*n + 5 + 3*n + 1. Let b(u) = -2*u - 13. Let p(m) = -4*b(m) - 9*t(m). Let f be p(2). What is k(f)?
7
Let i be 0*(21/9 - 2). Let l(p) = 4*p + 2. Let k(o) = -5*o - 2. Let x(b) = -5*k(b) - 6*l(b). Give x(i).
-2
Suppose -2*l + 6 = -y, -3*l - 2*y + 19 = 17. Let d(o) = -2*o**2 + 5*o - 1. Let q = 4 - 1. Let c(k) = 2*k**2 - 4*k + 1. Let f(h) = q*c(h) + 2*d(h). What is f(l)?
5
Let o be (-8)/(-64) - 92/(-32). Let q(p) = -2*p**3 + 2*p**2 + 3*p + 1. Give q(o).
-26
Let s(g) = -g**3 - 44*g**2 + 92*g - 15. Let m be s(-46). Let h(y) = -y**3 - 15*y**2 + 2*y + 20. What is h(m)?
-10
Let c(o) = 2*o - 1. Let d be c(2). Let q(p) = -11 - 10 + 22 + d*p - p**2 - 7*p. Give q(-5).
-4
Let v(w) be the first derivative of w**5/20 + 2*w**4/3 - 3*w**3/2 - 9*w**2/2 - 4*w - 3. Let h(y) be the first derivative of v(y). What is h(-9)?
-9
Let j(b) = 16 - 17 + 9*b**2 - 13 + 4*b - 3*b + b**3 + 27. Calculate j(-9).
4
Let t(d) be the first derivative of d**3/3 - 2*d**2 - 4*d + 216. Determine t(4).
-4
Let j(h) = h**3 - 3*h + 1. Suppose -179*v + 184*v = 10. What is j(v)?
3
Let a(q) = -4*q + 3. Suppose -2*l - 2*r = -5*l + 73, 5 = -r. Let f(c) = c + 21 - l. Let w(u) = -a(u) - 5*f(u). Calculate w(-3).
0
Let u(t) = t + 3. Let k(g) = 7*g - 21. Let q be k(-5). Let a = 50 + q. Calculate u(a).
-3
Let z = -229 + 233. Let o(q) be the second derivative of 3*q**2 - 1/6*q**3 - 1/12*q**4 + z*q + 0. Determine o(0).
6
Let r(z) = -z**3 - 3*z**2 + 5*z. Let b = 231 - 235. What is r(b)?
-4
Let f be 5*((-18)/(-5) - 3). Suppose -3*r = -0*d + d + 1, -5 = -d + f*r. Let a(l) = -l**3 + 1 - l**2 + 3*l**2 + 3*l - 1 - d. Give a(3).
-2
Let x be 42/10 - (-10)/(-50). Let y(s) = -x*s**2 - 8*s**3 + 2*s**3 + 6*s**2 - 3*s**2. Give y(-1).
5
Let k(y) = y**2 + 5*y - 1. Let m be 10/70 - 68/(-14). Suppose 2*v = -5*c - 39, -v + 4 = -m*c - 29. Calculate k(c).
13
Let r(n) = -n**3 + 15*n**2 - 2*n + 28. Let h be r(15). Let p be (1/(h/3))/(3/(-6)). Let q(w) = -2*w**2 + 3*w + 2. Determine q(p).
-7
Let y(l) = 6*l + 1. Let c(a) = -5*a - 1. Let f(h) = 5*c(h) + 4*y(h). Calculate f(-1).
0
Let i(s) = -4*s**2 - 2*s + 8. Let g(n) = 2*n**2 + 121 - 2*n**2 - 120 - n**2. Let h(t) = -3*g(t) + i(t). Suppose 2*l - 4*l - 8 = 0. Determine h(l).
-3
Let u be 4/10*5 - 2. Let s(w) be the third derivative of 0*w**4 + 1/120*w**6 + 0*w**3 + 0*w + u*w**5 + 0 - 2*w**2. Determine s(2).
8
Suppose 0 = -f + 2*u - 4*u - 5, 0 = f - 5*u - 16. Let x(p) be the first derivative of p**4/4 - p**3/3 + p**2/2 + 1. Determine x(f).
1
Let s(o) = -o + 6. Let q(p) = 2*p - 13. Let n(w) = -3*q(w) - 7*s(w). Let b be (0 + 0)*5/(-15). Give n(b).
-3
Suppose 0*l + 15 = 5*l. Let b(u) = l*u + 0*u - u - 3*u + 4. Calculate b(6).
-2
Let g(k) be the second derivative of -k**8/840 + k**7/2520 + k**6/360 + k**5/120 + k**4/6 - 12*k. Let r(h) be the third derivative of g(h). Determine r(-1).
8
Suppose 128 = -17*r + 26. Let y(h) = -h**3 - 3*h**2 + 10*h + 9. Calculate y(r).
57
Let b(d) = -18*d**3 + 17*d**3 + 7*d - 8*d. Determine b(-2).
10
Let g(k) = -2*k - 6. Let b be g(-7). Let s be b/2 - (4 - 2). Let h(y) = -13 - 8*y + 2*y**2 - y**s + 19. Calculate h(7).
-1
Let u(v) = v**2 - 10*v + 16. Let k be u(3). Let o(c) = -c**3 - 6*c**2 + 5. Determine o(k).
-20
Let i(f) = -f - 5. Let u be i(-7). Let d(y) be the second derivative of -y**3 - 4*y - 92*y**2 + 92*y**u. What is d(1)?
-6
Let q be 11/10*4 - (-18)/(-45). Let x(c) = c**2 - 4 + 3*c - 6*c**2 + 7*c**2 - 3*c**2. Calculate x(q).
-8
Let o(j) = -j**3 - j + 16. Suppose 13*i + 10*i = 9*i. Determine o(i).
16
Suppose 51*r = 54*r + 147. Let d = r - -43. Let t(u) = -u**2 - 6 + 2*u**2 + 5*u + 0*u**2. Determine t(d).
0
Let m(g) = -g**2 - 5*g - 4. Let u(v) = -4*v**2 - 15*v - 11. Let w(j) = -7*m(j) + 2*u(j). Let b be 4/(-6) - (-380)/30. Suppose 5*q = 3*q + b. What is w(q)?
0
Let j(a) be the second derivative of -a**3 - 105*a**2/2 + 8*a - 17. Give j(-17).
-3
Let v(j) = -j**2 - 10*j. Let z(w) = -w. Let s(a) = v(a) - 3*z(a). Let t be 8*3/(-18)*21/2. Let d(f) = -f**3 - 14*f**2 - 7. Let y be d(t). What is s(y)?
0
Let y(o) = -2*o + 3. Let c(k) = -1. Let m(v) = -4*c(v) + y(v). Suppose 4*r + 16 = 6*r. Calculate m(r).
-9
Let s(v) be the second derivative of -v**5/20 + 7*v**4/12 - 7*v**3/6 + 7*v**2/2 - v. Let u = 2 + 4. Give s(u).
1
Let h(w) = -w + 2. Suppose -n + 3 = g, 2*g + 3*n - 23 = -18. What is h(g)?
-2
Suppose -3*v = 326 - 296. Let q(u) = -u**2 - 9*u + 8. What is q(v)?
-2
Let t(x) = -x + 9. Let b be 21/4 - (-198)/264. Calculate t(b).
3
Let c(y) = 9*y**2 + 0*y - y - 4 + 11*y**3 - 10*y**3 + 8*y. What is c(-8)?
4
Let o(a) = -18*a + 42*a - 23*a + 1. Give o(-2).
-1
Let w(y) = -y**2 - 7*y - 2. Let m(q) = 5*q**2 - 3*q + 10. Let g be m(3). Let a = -52 + g. Determine w(a).
4
Let g = 83 - 78. Let n(u) = -u + 3*u - 3*u + g*u**3 + 5*u**3. Calculate n(-1).
-9
Let f(c) = 5*c - 5 + c**3 - 8*c**2 - 10*c**2 - 5 + 26*c**2. Determine f(-7).
4
Let t(u) = -u**2 - 8*u - 12. Suppose 0 = -4*m - 5*k - 5 + 2, -38 = 4*m - 2*k. Determine t(m).
-5
Let u(d) = -d**3 + 2*d + 14 - d**2 + 10 - 43 + 80 - d. Give u(0).
61
Suppose -k = k. Let y(t) be the first derivative of 3*t**2/2 + 2*t + 2. Let l(g) = 2*g + 2. Let d(m) = 4*l(m) - 3*y(m). Determine d(k).
2
Let f(a) = a + 2. Let h(m) = 2*m - 14. Let u(o) = 8*f(o) + h(o). What is u(1)?
12
Let j(c) be the second derivative of c**3/3 - 22*c. Calculate j(-2).
-4
Suppose 7*o + 22 = 71. Suppose 0 = -4*m - o*